{"id":33,"date":"2023-05-28T12:18:54","date_gmt":"2023-05-28T12:18:54","guid":{"rendered":"https:\/\/latincup.golpro.com.br\/rio\/home\/"},"modified":"2023-12-01T16:39:40","modified_gmt":"2023-12-01T16:39:40","slug":"home","status":"publish","type":"page","link":"https:\/\/latincup.golpro.com.br\/rio\/","title":{"rendered":"Home"},"content":{"rendered":"\n\n\n\n\n\n<h1><font style=\"vertical-align: inherit;\"><font style=\"vertical-align: inherit;\">89%<\/font><\/font><\/h1>\n<h6><font style=\"vertical-align: inherit;\"><font style=\"vertical-align: inherit;\">Das crian\u00e7as e juniores jogam por prazer, sem press\u00e3o interna, querem apenas se divertir e ser felizes. Venha voc\u00ea tamb\u00e9m!<\/font><\/font><\/h6>\n\n<h1>92%<\/h1>\n<h6><font style=\"vertical-align: inherit;\"><font style=\"vertical-align: inherit;\">&nbsp;Ficam satisfeitas ap\u00f3s a experi\u00eancia memor\u00e1vel de participar de um evento com jogadores de diversas riquezas culturas<\/font><\/font><\/h6>\n\n<h1>95%<\/h1>\n<h6><font style=\"vertical-align: inherit;\"><font style=\"vertical-align: inherit;\">Esse \u00e9 o n\u00famero das crian\u00e7as que buscam alinham lazer, passeio, campeonatos e um dia jogar em um grande clube.&nbsp;<\/font><\/font><\/h6>\n\n\n<p style=\"text-align: left;\"><font style=\"vertical-align: inherit;\"><font style=\"vertical-align: inherit;\"><font style=\"vertical-align: inherit;\"><font style=\"vertical-align: inherit;\"><font style=\"vertical-align: inherit;\"><font style=\"vertical-align: inherit;\"><font style=\"vertical-align: inherit;\"><font style=\"vertical-align: inherit;\">Vem a\u00ed o 1\u00ba Torneio LatinCup Feminino. Vagas limitadas. Ser\u00e1 no dia 24\/02\/2024 &#8211; INPAR &#8211; Rio de Janeiro. Inscri\u00e7\u00f5es abertas!<\/font><\/font><\/font><\/font><\/font><\/font><\/font><\/font><\/p>\n<p style=\"text-align: left;\"><font style=\"vertical-align: inherit;\"><font style=\"vertical-align: inherit;\">Torneios nas principais cidades brasileiras onde o futebol \u00e9 aclamado e o turismo \u00e9 muito bem aproveitado.<\/font><\/font><\/p>\n<p><font style=\"vertical-align: inherit;\"><font style=\"vertical-align: inherit;\">LEm torneios internacionais, os jogadores participam de importantes competi\u00e7\u00f5es, conhecem novas culturas e ainda tem a oportunidade de fazer turismo em outro pa\u00eds.<\/font><\/font><\/p>\n\n\n<p style=\"text-align: left;\"><font style=\"vertical-align: inherit;\"><font style=\"vertical-align: inherit;\"><font style=\"vertical-align: inherit;\"><font style=\"vertical-align: inherit;\">Torneios com as principais bandeiras do&nbsp; futebol em busca do trof\u00e9u desejado! Inscreva j\u00e1 o seu time e a sua escolinha!<\/font><\/font><\/font><\/font><\/p>\n<p style=\"text-align: left;\"><font style=\"vertical-align: inherit;\"><font style=\"vertical-align: inherit;\">Crian\u00e7as e adolescentes tem a oportunidade de participar de competi\u00e7\u00f5es importantes, com outros jogadores interculturais.<\/font><\/font><\/p>\n<p><font style=\"vertical-align: inherit;\"><font style=\"vertical-align: inherit;\">Participando dos torneios, voc\u00ea tem a oportunidade de integrar a sele\u00e7\u00e3o latincup brasileira em jogos internacionais, representando o seu pa\u00eds.<\/font><\/font><\/p>\n\n\n\n\n\n\n<h4><font style=\"vertical-align: inherit;\"><font style=\"vertical-align: inherit; color: rgb(0, 41, 102);\">#Experi\u00eancia memor\u00e1vel<\/font><\/font><\/h4>\n<h2><font style=\"vertical-align: inherit;\"><font style=\"vertical-align: inherit; color: rgb(0, 41, 102);\">Todo evento \u00e9 \u00fanico e marcante<\/font><\/font><\/h2>\n\n\n<p style=\"font-size:22px;font-weight:500;color:#fff;line-height:1.5;padding-top:45px\"><font style=\"vertical-align: inherit;\"><font style=\"vertical-align: inherit;\">Novas amizades<\/font><\/font><\/p>\n\n\n<p style=\"font-size:22px;font-weight:500;color:#fff;line-height:1.5;padding-top:45px\"><font style=\"vertical-align: inherit;\"><font style=\"vertical-align: inherit;\">Disputas marcantes<\/font><\/font><\/p>\n\n\n<p style=\"font-size:22px;font-weight:500;color:#fff;line-height:1.5;padding-top:45px\"><font style=\"vertical-align: inherit;\"><font style=\"vertical-align: inherit;\"><font style=\"vertical-align: inherit;\"><font style=\"vertical-align: inherit;\">Experi\u00eancias inesquec\u00edveis<\/font><\/font><\/font><\/font><\/p>\n\n\n\n\n\n\n<h4><font style=\"vertical-align: inherit;\"><font style=\"vertical-align: inherit; color: rgb(0, 41, 102);\">#Sinta o momento<\/font><\/font><\/h4>\n<h3><font style=\"vertical-align: inherit;\"><font style=\"vertical-align: inherit; color: rgb(0, 41, 102);\">Emo\u00e7\u00f5es sem precedentes<\/font><\/font><\/h3>\n<p><font style=\"vertical-align: inherit;\"><font style=\"vertical-align: inherit;\">A emo\u00e7\u00e3o de participar de um torneio, um campeonato, um camp, uma viagem nacional ou internacional \u00e9 \u00fanica e inesquec\u00edvel. Viva esse momento!<\/font><\/font><\/p>\n<p><br><\/p>\n\n\n\n\n\n\n\n\n<h4><font style=\"vertical-align: inherit;\"><font style=\"vertical-align: inherit; color: rgb(0, 41, 102);\">#experi\u00eancia<\/font><\/font><\/h4>\n<h2><font style=\"vertical-align: inherit;\"><font style=\"vertical-align: inherit; color: rgb(0, 41, 102);\">O que os pais dizem<\/font><\/font><\/h2>\n\n\n<h6><span style=\"color: rgb(0, 41, 102);\"><br>Cada experi\u00eancia \u00e9 \u00fanica<\/span><br><\/h6>\n\n\n\n\n\n<p><font style=\"vertical-align: inherit;\"><font style=\"vertical-align: inherit;\">&#8221; Meu filho jamais tinha tido uma experi\u00eancia com jogadores de outros Estados, foi sensacional e ele j\u00e1 quer se inscrever no pr\u00f3ximo .&#8221;<\/font><\/font><\/p>\n<p><font style=\"vertical-align: inherit;\"><font style=\"vertical-align: inherit;\">&#8220;A motiva\u00e7\u00e3o \u00e9 enorme, pois conhecer a Cidade Maravilhosa no LatinCUP Rio e ainda ter a oportunidade de fazer turismo, \u00e9 simplesmente \u00fanico.&#8221;<\/font><\/font><\/p>\n<p><font style=\"vertical-align: inherit;\"><font style=\"vertical-align: inherit;\">&#8220;Futebol \u00e9 uma paix\u00e3o, toda fam\u00edlia aqui ama. Somos f\u00e3s do futebol brasileiro, e meu filho ama o esporte que \u00e9 paix\u00e3o mundial. &#8220;<\/font><\/font><\/p>\n<p><font style=\"vertical-align: inherit;\"><font style=\"vertical-align: inherit;\">&#8220;A experi\u00eancia, a viv\u00eancia em competitividade, e a busca em resolver os desafios di\u00e1rios levar\u00e3o meu filho a entender a pr\u00f3pria vida diferente.&#8221;<\/font><\/font><\/p>\n<p><font style=\"vertical-align: inherit;\"><font style=\"vertical-align: inherit;\">&#8220;Cada viagem esportiva que realizamos n\u00e3o s\u00e3o apenas torneios disputados, s\u00e3o experi\u00eancias de vida que levamos conosco especialmente para sempre.&#8221;<\/font><\/font><\/p>\n<p><font style=\"vertical-align: inherit;\"><font style=\"vertical-align: inherit;\">&#8221; Minha filha j\u00e1 est\u00e1 na expectativa do LATINCUP Fortaleza, amamos o nordeste, e sendo em Fortaleza, faremos tamb\u00e9m muito turismo.&nbsp; .&#8221;<\/font><\/font><\/p>\n<p><font style=\"vertical-align: inherit;\"><font style=\"vertical-align: inherit;\">&#8220;LatinCUP \u00e9 um verdadeiro revelador de novos craques para o futebol do Brasil e do Mundo. Sabemos que observadores j\u00e1 est\u00e3o de olho nos novos talentos..&#8221;<\/font><\/font><\/p>\n\n\n\n\n\n\n\n<h4><font style=\"vertical-align: inherit;\"><font style=\"vertical-align: inherit;\">Pr\u00f3ximos eventos<\/font><\/font><\/h4>\n<h2><font style=\"vertical-align: inherit;\"><font style=\"vertical-align: inherit;\"><font style=\"vertical-align: inherit;\"><font style=\"vertical-align: inherit;\">Inscri\u00e7\u00f5es<\/font><\/font><\/font><\/font><\/h2>\n\n\n\n\n<h6><font style=\"vertical-align: inherit;\"><font style=\"vertical-align: inherit;\"><font style=\"vertical-align: inherit;\"><font style=\"vertical-align: inherit;\">&nbsp; &nbsp; &nbsp; &nbsp;08 de Outubro&nbsp; 10:00- 16:00<\/font><\/font><\/font><\/font><\/h6>\n<h6><font style=\"vertical-align: inherit;\"><font style=\"vertical-align: inherit;\"><font style=\"vertical-align: inherit;\"><font style=\"vertical-align: inherit;\">O maior torneio para pa\u00edses latinos americanos e europeus no Rio!<\/font><\/font><\/font><\/font><\/h6>\n\n\n\n\n\n<h6><font style=\"vertical-align: inherit;\"><font style=\"vertical-align: inherit;\"><font style=\"vertical-align: inherit;\"><font style=\"vertical-align: inherit;\"><font style=\"vertical-align: inherit;\"><font style=\"vertical-align: inherit;\">&nbsp; &nbsp; &nbsp; &nbsp; &nbsp;02 Dezembro 08:00 &#8211; 12:00<\/font><\/font><\/font><\/font><\/font><\/font><\/h6>\n<h6><font style=\"vertical-align: inherit;\"><font style=\"vertical-align: inherit;\"><font style=\"vertical-align: inherit;\"><font style=\"vertical-align: inherit;\">Futebol, descontra\u00e7\u00e3o&nbsp; e muito lazer no maior parque aqu\u00e1tico do Brasil!<\/font><\/font><\/font><\/font><\/h6>\n\n\n\n\n\n<h6><font style=\"vertical-align: inherit;\"><font style=\"vertical-align: inherit;\"><font style=\"vertical-align: inherit;\"><font style=\"vertical-align: inherit;\"><font style=\"vertical-align: inherit;\"><font style=\"vertical-align: inherit;\">&nbsp; &nbsp; &nbsp; &nbsp; &nbsp; 13 a 15 de dezembro 2024<\/font><\/font><\/font><\/font><\/font><\/font><\/h6>\n<h6><font style=\"vertical-align: inherit;\"><font style=\"vertical-align: inherit;\">A bel\u00edssima Fortaleza ser\u00e1 sede em dezembro de 2024. Futebol e muito turismo!<\/font><\/font><\/h6>\n\n\n\n\n\n\n\n\n\n","protected":false},"excerpt":{"rendered":"","protected":false},"author":0,"featured_media":0,"parent":0,"menu_order":0,"comment_status":"closed","ping_status":"closed","template":"","meta":{"_joinchat":[],"footnotes":""},"class_list":["post-33","page","type-page","status-publish","hentry"],"_links":{"self":[{"href":"https:\/\/latincup.golpro.com.br\/rio\/wp-json\/wp\/v2\/pages\/33","targetHints":{"allow":["GET"]}}],"collection":[{"href":"https:\/\/latincup.golpro.com.br\/rio\/wp-json\/wp\/v2\/pages"}],"about":[{"href":"https:\/\/latincup.golpro.com.br\/rio\/wp-json\/wp\/v2\/types\/page"}],"replies":[{"embeddable":true,"href":"https:\/\/latincup.golpro.com.br\/rio\/wp-json\/wp\/v2\/comments?post=33"}],"version-history":[{"count":60,"href":"https:\/\/latincup.golpro.com.br\/rio\/wp-json\/wp\/v2\/pages\/33\/revisions"}],"predecessor-version":[{"id":182,"href":"https:\/\/latincup.golpro.com.br\/rio\/wp-json\/wp\/v2\/pages\/33\/revisions\/182"}],"wp:attachment":[{"href":"https:\/\/latincup.golpro.com.br\/rio\/wp-json\/wp\/v2\/media?parent=33"}],"curies":[{"name":"wp","href":"https:\/\/api.w.org\/{rel}","templated":true}]}}